
44
Calculate the greatest common factor of 1194 and 6.
6
What is the greatest common divisor of 6419 and 393?
131
Calculate the greatest common factor of 484 and 116.
4
Calculate the highest common divisor of 250 and 70.
10
What is the highest common divisor of 260 and 12?
4
Calculate the greatest common divisor of 12567 and 852.
213
Calculate the highest common divisor of 671 and 22.
11
What is the highest common divisor of 15 and 215?
5
What is the greatest common divisor of 123 and 33?
3
Calculate the highest common divisor of 650 and 75.
25
Calculate the highest common factor of 2989 and 1403.
61
Calculate the greatest common divisor of 6656 and 48.
16
Calculate the highest common factor of 3690 and 9.
9
Calculate the greatest common divisor of 158 and 134.
2
Calculate the highest common factor of 21 and 321.
3
Calculate the greatest common factor of 123 and 779.
41
Calculate the highest common divisor of 30 and 10.
10
Calculate the highest common divisor of 101 and 4444.
101
Calculate the highest common factor of 90 and 4830.
30
What is the highest common factor of 104 and 1248?
104
What is the greatest common factor of 18 and 882?
18
Calculate the highest common divisor of 180 and 405.
45
What is the highest common divisor of 2291 and 158?
79
Calculate the highest common factor of 12 and 960.
12
What is the highest common divisor of 10520 and 40?
40
Calculate the greatest common divisor of 39 and 949.
13
Calculate the highest common divisor of 21 and 21.
21
What is the highest common factor of 8 and 460?
4
What is the greatest common divisor of 9 and 369?
9
Calculate the highest common divisor of 37109 and 43.
43
What is the highest common divisor of 19 and 3097?
19
Calculate the highest common divisor of 1278 and 180.
18
What is the greatest common divisor of 1165 and 35?
5
Calculate the greatest common divisor of 30 and 1524.
6
Calculate the greatest common factor of 230 and 10.
10
What is the greatest common factor of 12 and 162?
6
Calculate the highest common factor of 396 and 110.
22
Calculate the greatest common factor of 2992 and 44.
44
Calculate the highest common divisor of 928 and 580.
116
What is the highest common factor of 4543 and 231?
77
What is the greatest common factor of 5 and 1520?
5
Calculate the highest common factor of 104 and 169.
13
Calculate the highest common factor of 10 and 6.
2
What is the greatest common divisor of 33 and 12?
3
Calculate the highest common divisor of 45 and 30.
15
Calculate the highest common factor of 68 and 1819.
17
What is the greatest common factor of 42 and 294?
42
What is the highest common divisor of 217 and 7?
7
What is the greatest common divisor of 33 and 1617?
33
What is the greatest common factor of 480 and 6?
6
Calculate the greatest common divisor of 22 and 22.
22
What is the greatest common factor of 99 and 1287?
99
Calculate the greatest common factor of 150 and 7325.
25
Calculate the greatest common divisor of 5 and 1635.
5
Calculate the highest common divisor of 13 and 2249.
13
What is the highest common divisor of 368 and 336?
16
What is the greatest common factor of 9 and 2?
1
Calculate the greatest common divisor of 384 and 160.
32
Calculate the highest common divisor of 6913 and 62.
31
Calculate the highest common divisor of 117 and 13.
13
Calculate the highest common factor of 2691 and 26.
13
What is the highest common divisor of 86 and 13975?
43
Calculate the greatest common divisor of 9 and 27.
9
Calculate the highest common divisor of 440 and 2090.
110
What is the highest common divisor of 498 and 12?
6
What is the highest common divisor of 84 and 14?
14
Calculate the greatest common divisor of 10395 and 33.
33
Calculate the greatest common factor of 105 and 420.
105
What is the greatest common factor of 102 and 17?
17
Calculate the highest common factor of 132 and 1212.
12
What is the highest common factor of 56 and 272?
8
Calculate the greatest common factor of 264 and 288.
24
Calculate the greatest common factor of 69 and 115.
23
What is the greatest common factor of 62 and 713?
31
What is the highest common divisor of 1134 and 42?
42
What is the greatest common factor of 9477 and 117?
117
Calculate the highest common factor of 935 and 33.
11
What is the greatest common divisor of 49 and 3479?
49
Calculate the highest common divisor of 15 and 3225.
15
Calculate the greatest common factor of 44 and 20.
4
Calculate the highest common divisor of 437 and 19.
19
Calculate the greatest common factor of 32 and 14.
2
What is the highest common factor of 29 and 899?
29
What is the highest common divisor of 6 and 1167?
3
What is the highest common factor of 192 and 6384?
48
What is the greatest common divisor of 15 and 375?
15
Calculate the greatest common factor of 4375 and 56.
7
Calculate the highest common factor of 21 and 29568.
21
Calculate the highest common divisor of 5868 and 36.
36
What is the highest common divisor of 5604 and 60?
12
Calculate the highest common factor of 550 and 1870.
110
Calculate the greatest common factor of 713 and 527.
31
What is the highest common divisor of 456 and 741?
57
Calculate the greatest common factor of 741 and 285.
57
What is the greatest common factor of 1300 and 10?
10
Calculate the greatest common divisor of 39 and 2457.
39
Calculate the highest common factor of 21 and 1869.
21
What is the greatest common factor of 36 and 32?
4
What is the greatest common divisor of 7 and 12271?
7
What is the highest common divisor of 13 and 65?
13
What is the highest common divisor of 19 and 551?
19
What is the highest common factor of 26376 and 24?
24
Calculate the highest common divisor of 3836 and 28.
28
Calculate the highest common divisor of 60 and 156.
12
What is the highest common divisor of 495 and 1089?
99
What is the highest common divisor of 236 and 17818?
118
Calculate the greatest common factor of 174 and 12.
6
What is the highest common factor of 288 and 128?
32
What is the highest common divisor of 21 and 19866?
21
What is the highest common factor of 1440 and 135?
45
Calculate the greatest common factor of 1247 and 172.
43
What is the highest common factor of 2397 and 102?
51
What is the highest common factor of 9 and 1341?
9
What is the highest common factor of 16 and 1168?
16
Calculate the greatest common divisor of 456 and 171.
57
What is the highest common divisor of 40 and 384?
8
Calculate the highest common divisor of 16 and 282.
2
What is the greatest common factor of 14 and 7798?
14
Calculate the highest common factor of 42 and 49.
7
What is the greatest common factor of 130 and 52?
26
Calculate the greatest common divisor of 444 and 6.
6
Calculate the greatest common factor of 858 and 507.
39
Calculate the highest common factor of 46 and 46.
46
What is the greatest common divisor of 21 and 966?
21
What is the highest common divisor of 10 and 486?
2
Calculate the greatest common divisor of 325 and 25.
25
Calculate the greatest common divisor of 1881 and 12.
3
What is the highest common factor of 690 and 30?
30
Calculate the highest common factor of 10 and 2570.
10
Calculate the greatest common divisor of 1008 and 108.
36
Calculate the highest common divisor of 338 and 78.
26
Calculate the greatest common divisor of 160 and 1504.
32
Calculate the greatest common divisor of 270 and 480.
30
What is the highest common divisor of 1024 and 88?
8
What is the highest common divisor of 43 and 1333?
43
What is the highest common factor of 1295 and 595?
35
What is the highest common factor of 13 and 2301?
13
Calculate the highest common factor of 26 and 702.
26
Calculate the highest common divisor of 72 and 38772.
36
What is the greatest common divisor of 425 and 1853?
17
Calculate the highest common factor of 333 and 11100.
111
What is the greatest common factor of 480 and 30?
30
Calculate the highest common divisor of 114 and 76.
38
Calculate the greatest common factor of 893 and 94.
47
What is the greatest common divisor of 90 and 144?
18
What is the greatest common factor of 140 and 3332?
28
What is the highest common divisor of 21411 and 27?
27
Calculate the greatest common divisor of 5017 and 29.
29
What is the greatest common factor of 14463 and 63?
9
What is the highest common factor of 736 and 16836?
92
What is t